+ 24*o**2 + 15*o - 7. Let l(r) = r**3 - r**2 + r - 1. Let f(p) = -4*l(p) - q(p). Determine f(v).
11
Let l(r) = -r**3 - r**2 + 2*r + 1. Suppose -4*o - 25 + 1 = 0. Let c(f) = 3*f - 30. Let w be c(7). Let y be (o/(-9))/(2/w). Determine l(y).
13
Let i(x) = x**3 + 2*x**2 + x - 13. Let w(v) = v**3 - 13*v**2 - 12*v + 9. Let n(f) = 2*i(f) - w(f). What is n(-16)?
-3
Let s(q) = 36 - 86 - 20*q + 42 + 48 + q**2 + 47. Calculate s(9).
-12
Let c(j) be the third derivative of j**6/72 + j**5/60 + 11*j**4/3 - 59*j**2. Let o(q) be the second derivative of c(q). Determine o(-1).
-8
Suppose -17*r = 5*f - 12*r + 5, r = -4*f - 1. Let m(d) be the third derivative of -d**2 + 0*d**5 + 0*d + 1/24*d**4 - 1/6*d**3 + 0 - 1/120*d**6. Determine m(f).
-1
Let l = -26 - -38. Suppose 0 = -0*s + 3*s - l. Let a(y) = 9*y - s*y + 2*y - 4*y. Calculate a(3).
9
Let m = -13566 + 13560. Let a(h) = -h**2 - 6*h - 13. Give a(m).
-13
Suppose -5*q - 6 = -2*o, 3*o + 4 - 8 = 5*q. Let v(d) = -19*d + 1. Let b(g) = -10*g + 1. Let h(j) = -5*b(j) + 3*v(j). What is h(q)?
12
Let g(o) = -42*o**2 - 2*o - 1. Let z be (-6)/2 + (-1 + 0)/((-11)/22). What is g(z)?
-41
Suppose 12121 = 3*a - 5*c, 3*c + 20215 = 5*a - 2*c. Let v(r) = r**2 - 4049*r + 8090*r - 1 - a*r. Give v(8).
15
Suppose -32 - 114 = -8*g - 58. Let i(o) = -37*o + 409. Give i(g).
2
Suppose -5*u = 4*f - 9391, -2*f + 6145 = 5*u - 3248. Let g(w) = -4 + 2*w - u*w**3 + 5*w**2 + 1880*w**3 + w**2. Calculate g(-6).
-16
Let z(h) be the third derivative of -1/8*h**4 - 10*h**2 + 1/3*h**3 + 23*h + 0. Let f be 2/4 + 9/6. Determine z(f).
-4
Let t(v) = -33*v**2 + 4*v - 5*v**2 - 4*v**2 - 2*v + 19 + 41*v**2. What is t(4)?
11
Let j(s) = s**3 + s**2 - 22. Suppose -40*g + 204 + 36 = 0. Suppose 2*w - 5*o = 0, -4*w + o - g*o = 0. What is j(w)?
-22
Let c(v) = 5*v**3 - v**2 + v - 8. Let z(j) = 6*j**3 + j - 9. Let p(w) = -7*c(w) + 6*z(w). Calculate p(-6).
44
Let p(k) = -k**3 + 6*k - k**2 + 5337 - 10677 - k**2 + 7*k**2 + 5337. What is p(7)?
-59
Let c(t) be the first derivative of -5*t**2/2 - 16*t + 7718. What is c(22)?
-126
Let u(l) = 11*l**3 - l**2 + 1. Suppose 3 = -5*y + 28. Suppose -y = -3*o - 2*o. Let z be (o + 2/(-6))*15/(-10). Calculate u(z).
-11
Let p be (-6)/27 - 47/(-9). Let m(j) = -j + 1. Let u(r) = -3*r + 7*r**2 - 7*r**2 - r + 5 + r**2. Let a(s) = 2*m(s) - u(s). Calculate a(p).
-18
Suppose 15 = 54*j - 92 - 55. Let c(a) be the second derivative of -1/20*a**5 + 5/6*a**j - a**2 - 33*a + 1/3*a**4 + 0. Give c(5).
-2
Let m(s) = s**2 + 11. Let i = 394 - 231. Suppose 160*r - i*r = 0. Calculate m(r).
11
Suppose 3*y = -2*k + 164, k - 810 = -y - 754. Let q(h) = -9*h + 471. Calculate q(y).
3
Let a = 333 - 333. Let t(n) = 4 + a*n**3 - 2*n**3 + 298*n**2 + 0*n + 3*n - 295*n**2. What is t(3)?
-14
Let x(w) = 15 - 2*w**2 + 6 + 0 + 3*w**2 + 0 + 7*w. Give x(-12).
81
Let r(q) = -2 + 16*q - 880*q**2 - 22*q + 882*q**2. Give r(5).
18
Suppose -4*j = -0*j + j. Suppose 5*o - 4*w - 21 - 5 = j, -5*w - 26 = -3*o. Let q(h) = 4*h**2 + 18*h - 3*h**o - 1 - 25*h. Determine q(6).
-7
Let v(n) = 2*n - 22. Let p(d) = 3*d**3 - d**2 - 3*d - 2. Let f be p(2). Let y be v(f). Suppose 10 = 2*g + y. Let x(b) = 2*b**2 - 5*b - 2. Determine x(g).
10
Suppose -3*t - 3*h = 9, -3*t - 64*h = -66*h + 9. Let d(i) = i**3 - i**2 + 3*i + 1. Calculate d(t).
-44
Let a(r) be the first derivative of -3*r - 1/4*r**4 - 2*r**2 + 0*r**3 - 39. Determine a(-2).
13
Let w(z) be the third derivative of -1/4*z**4 - 9/2*z**3 + 0 - 4*z**2 - 1/120*z**5 + 0*z. Let a(c) be the first derivative of w(c). What is a(-4)?
-2
Let w = -27 + 33. Suppose -14*q + w = -11*q. Let h(o) = -7 + o**q + 10 + 5*o - 8. What is h(-5)?
-5
Let m(k) be the first derivative of -96 - 9*k - 1/2*k**2. Suppose -g + 5*g = 0. What is m(g)?
-9
Suppose 56*z = 59*z + y + 16, y + 26 = -5*z. Let c(u) be the second derivative of u**5/20 + u**4/4 - u**3/2 - u**2 - 7*u. What is c(z)?
-37
Let p(j) = j**2 - 7*j + 8. Suppose -3*r = 3*b + 1095, -2*b + 2*r - 826 = -76. Let n = b + 374. What is p(n)?
-4
Suppose 3*m + 5 = 5. Suppose -3*l + 209 = -5*u - 70, m = 4*u - 5*l + 231. Let r be (-18)/30 - u/(-10). Let v(w) = w**2 + 9*w + 4. What is v(r)?
-14
Let f(k) = 2*k**3 - k**2 + 2*k - 3. Let n = -35669 - -35672. What is f(n)?
48
Let o(g) = -g**2 - 37*g - 129. Let w be o(-33). Let t(f) = 5*f - f - w*f**2 + 300*f**3 - 2*f**2 - 299*f**3. What is t(3)?
-6
Let n = 11 - 15. Let r(t) be the second derivative of -t**3/3 - 3*t**2/2 - 64*t. Give r(n).
5
Let v(l) be the second derivative of l**4/12 - l**3 - 2*l**2 - 3946*l. Calculate v(8).
12
Suppose 3*p + 204 = -2*r + 6*r, -3*p - 60 = -r. Let v = r + -45. Let x(s) = 2*s + 2 - 11*s**2 + 0 + 0*s**2 - v. Determine x(1).
-10
Let h(a) = 2*a**2 + 19*a - 15. Suppose -34*r = -0*r + 37*r + 710. What is h(r)?
-5
Let t(i) be the second derivative of i**5/20 - 7*i**4/12 - 7*i**3/6 - 7*i**2/2 - 1401*i. Calculate t(8).
1
Let c(u) = -14 + 3*u + 4*u**2 - 3*u**2 - 30 - 17 + 63. Let n(f) = 11. Let m(a) = a + 45. Let s(t) = -2*m(t) + 9*n(t). Let z be s(6). Determine c(z).
2
Let m(t) = t**3 + 23*t**2 - 39*t - 1336. Let f be m(-22). Let i(z) = -z**3 + 7*z**2 - 3*z + 5. Give i(f).
23
Let c(k) = -2*k - 1. Let s = -111 - -274. Let n = -164 + s. What is c(n)?
1
Let w(i) = 31*i**2 - 5. Let z(r) = 57*r**2 - r - 11. Suppose 23*o - 102 = 36. Let l(s) = o*z(s) - 11*w(s). Give l(9).
16
Let q(x) = -x + 3. Let k be q(-4). Let i(j) be the third derivative of -j**5/60 + 3*j**4/8 - 3*j**3/2 - j**2 - 6*j + 94. Calculate i(k).
5
Let x(s) = s**2 + s + 1. Let d(l) = -3*l**2 - 5*l + 1. Let j(c) = -d(c) - 2*x(c). Calculate j(1).
1
Let b be 18 + (26 - 21) - 8. Let c(p) = -p**2 + 14*p + 9. Determine c(b).
-6
Let f(y) = 2. Let w(p) = -6*p - 20. Let o(b) = -10*f(b) - w(b). Let i = 1110 + -1109. Give o(i).
6
Let f(c) = 3*c + 67. Let o be f(-5). Let k(u) = -7*u - u**2 - 46 + 91 - o. Determine k(-5).
3
Let c(s) = -10*s**3 - 5*s**2 + 21*s - 5. Let a(x) = -21*x**3 - 11*x**2 + 47*x - 11. Let k(p) = 4*a(p) - 9*c(p). Determine k(1).
7
Let p(w) = 14*w**3 - 15*w**2 + 32*w + 7. Let z(b) = -3*b**3 + 4*b**2 - 8*b - 2. Let r(v) = 2*p(v) + 9*z(v). Give r(-7).
3
Suppose -232*q - 12 = -235*q. Suppose 0 = -2*n + 3*v - 2 + 11, -q*v + 34 = 5*n. Let g(z) = -z**3 + 6*z**2. Calculate g(n).
0
Let z = -32577 - -32574. Let g(l) be the first derivative of 1/2*l**2 + 1 - 3*l. What is g(z)?
-6
Suppose -3*q + 140 = 5*r, q = -0*r - r + 28. Suppose 0 = 2*y - y - r. Let m = -30 + y. Let j(s) = -5*s + 2. Calculate j(m).
12
Let t(z) be the second derivative of -z**4/12 + 35*z**3/6 + 36*z**2 + 159*z - 5. Calculate t(37).
-2
Let h(a) = -5*a - 4. Let w be h(1). Let r(l) = 5*l + 39. Let j be r(w). Let k(s) = -5 - 6*s - s**3 + 42*s**2 - 92*s**2 + 43*s**2. Give k(j).
-5
Let s(o) be the third derivative of -7*o**4/8 - o**3/3 - o**2. Let z be 10 + -10 + -9 - -8. What is s(z)?
19
Let i(q) = 8*q + 4. Let j be -3 + 0/(63/(-9)). Let w(g) = 10*g + 7. Let h(r) = j*w(r) + 4*i(r). Calculate h(0).
-5
Let y(x) be the second derivative of -x**3/3 + 3*x**2/2 + 23*x + 2. Let a = 57 + -27. Suppose -10*n = -5*n + a. What is y(n)?
15
Let m(i) = -i**3 - 7*i**2 + i + 4. Suppose 5*g = 25, 5*n + g - 36 = -66. Determine m(n).
-3
Let a(m) be the second derivative of 2*m**3/3 + 10*m**2 - m. Let d be 4980/2324*(-28)/12. Give a(d).
0
Let x(n) = -n**3 - 5*n**2 + 897*n + 2716. Let t be x(-3). Let f(u) = -1 + 2*u + 2 - u. Calculate f(t).
8
Let t(o) = -4*o. Let f be 4 - (2 + -3)/(-1). Let w(k) = k**3 - 2*k**2 - k - 4. Let x be w(f). Let d be 15/(-6) + x/4. Give t(d).
8
Let u(j) = j + 8. Suppose 4*t - 76 = 5*s, 4*s + 0*s + 61 = 3*t. Let n(a) = -a**3 - 15*a**2 + 14*a - 45. Let x be n(s). Determine u(x).
-5
Let j(m) = 6*m**2 + 16*m + 14. Let t(z) = -2*z**2 - 5*z - 5. Suppose 159*w = 164*w - 25. Let g(q) = w*j(q) + 14*t(q). What is g(-6)?
12
Let x(i) = -i**3 - 14*i**2 - 12*i + 18. Suppose -30*w + 9*w + 8253 = 0. Let r = w + -406. Determine x(r).
5
Suppose 57*s + 12 = 51*s. Let d(i) be the first derivative of i**3 + i**2/2 + 20. What is d(s)?
10
Suppose -4*r = -c - 26, 0 = -r + 12*c - 11*c + 2. Let z(g) = -g**2 + 15*g - 28. Determine z(r).
28
Let k(o) = -2*o**2 + 5*o - 23. Let r(n) = n**2 - 4*n + 22. Suppose -5*f = -17*f + 36. Let x(g) = f*r(g) + 2*k(g). Determine x(-6).
-4
Let c(m) = -4*m + 47. Let k be c(11). Let o(y) = -3*y**k + 18*y + 15 + 3*y**3 + 12*y**2